{"id":3,"date":"2021-05-06T14:10:33","date_gmt":"2021-05-06T14:10:33","guid":{"rendered":"https:\/\/hasznosjatek.hu\/lap\/?page_id=3"},"modified":"2024-07-09T11:43:33","modified_gmt":"2024-07-09T11:43:33","slug":"privacy-policy","status":"publish","type":"page","link":"https:\/\/hasznosjatek.hu\/lap\/privacy-policy\/","title":{"rendered":"KAPCSOLAT"},"content":{"rendered":"\n<p><strong>Solym\u00e1r L\u00edvia<\/strong><\/p>\n\n\n\n<p><strong>Telefonsz\u00e1m: 06 20 470 7307<\/strong><\/p>\n\n\n\n<p><strong>Dr\u00f3tpostac\u00edm:&nbsp;<a rel=\"noreferrer noopener\" href=\"mailto:hasznosjatek@hasznosjatek.hu\" target=\"_blank\">hasznosjatek@gmail.com<\/a>&nbsp;&nbsp;<\/strong><\/p>\n\n\n\n<hr class=\"wp-block-separator has-css-opacity\"\/>\n\n\n\n<h2 class=\"wp-block-heading\">K\u00c9RD\u00c9SEM VAN:<\/h2>\n\n\n<div class=\"wpforms-container wpforms-container-full wpforms-block wpforms-block-12602fe1-2ad8-4e3d-90b0-a41cafee8c87\" id=\"wpforms-414\"><form id=\"wpforms-form-414\" class=\"wpforms-validate wpforms-form wpforms-ajax-form\" data-formid=\"414\" method=\"post\" enctype=\"multipart\/form-data\" action=\"\/lap\/wp-json\/wp\/v2\/pages\/3\" data-token=\"7211b79b20a8c78ff3f4dda07fe7b764\" data-token-time=\"1775294781\"><noscript class=\"wpforms-error-noscript\">Please enable JavaScript in your browser to complete this form.<\/noscript><div class=\"wpforms-field-container\"><div id=\"wpforms-414-field_0-container\" class=\"wpforms-field wpforms-field-name\" data-field-id=\"0\"><label class=\"wpforms-field-label\" for=\"wpforms-414-field_0\">Teljes n\u00e9v: <span class=\"wpforms-required-label\">*<\/span><\/label><input type=\"text\" id=\"wpforms-414-field_0\" class=\"wpforms-field-medium wpforms-field-required\" name=\"wpforms[fields][0]\" required><\/div><div id=\"wpforms-414-field_1-container\" class=\"wpforms-field wpforms-field-email\" data-field-id=\"1\"><label class=\"wpforms-field-label\" for=\"wpforms-414-field_1\">E-mail c\u00edmem: <span class=\"wpforms-required-label\">*<\/span><\/label><input type=\"email\" id=\"wpforms-414-field_1\" class=\"wpforms-field-medium wpforms-field-required\" name=\"wpforms[fields][1]\" placeholder=\"valaki@valahol.hu\" spellcheck=\"false\" required><\/div><div id=\"wpforms-414-field_2-container\" class=\"wpforms-field wpforms-field-textarea\" data-field-id=\"2\"><label class=\"wpforms-field-label\" for=\"wpforms-414-field_2\">K\u00e9rd\u00e9sem: <span class=\"wpforms-required-label\">*<\/span><\/label><textarea id=\"wpforms-414-field_2\" class=\"wpforms-field-medium wpforms-field-required\" name=\"wpforms[fields][2]\" placeholder=\"\u00cdrja le, miben lehet\u00fcnk a seg\u00edts\u00e9g\u00e9re!\" required><\/textarea><\/div><\/div><!-- .wpforms-field-container --><div class=\"wpforms-recaptcha-container wpforms-is-recaptcha wpforms-is-recaptcha-type-v2\" ><div class=\"g-recaptcha\" data-sitekey=\"6LcD4TYdAAAAAG4B2KkXuPQuVW09BRVhNEFoFhP_\"><\/div><input type=\"text\" name=\"g-recaptcha-hidden\" class=\"wpforms-recaptcha-hidden\" style=\"position:absolute!important;clip:rect(0,0,0,0)!important;height:1px!important;width:1px!important;border:0!important;overflow:hidden!important;padding:0!important;margin:0!important;\" data-rule-recaptcha=\"1\"><\/div><div class=\"wpforms-submit-container\" ><input type=\"hidden\" name=\"wpforms[id]\" value=\"414\"><input type=\"hidden\" name=\"page_title\" value=\"\"><input type=\"hidden\" name=\"page_url\" value=\"https:\/\/hasznosjatek.hu\/lap\/wp-json\/wp\/v2\/pages\/3\"><input type=\"hidden\" name=\"url_referer\" value=\"\"><button type=\"submit\" name=\"wpforms[submit]\" id=\"wpforms-submit-414\" class=\"wpforms-submit\" data-alt-text=\"K\u00fcld\u00e9s...\" data-submit-text=\"K\u00dcLD\u00c9S!\" aria-live=\"assertive\" value=\"wpforms-submit\">K\u00dcLD\u00c9S!<\/button><img loading=\"lazy\" decoding=\"async\" src=\"https:\/\/hasznosjatek.hu\/lap\/wp-content\/plugins\/wpforms-lite\/assets\/images\/submit-spin.svg\" class=\"wpforms-submit-spinner\" style=\"display: none;\" width=\"26\" height=\"26\" alt=\"Loading\"><\/div><\/form><\/div>  <!-- .wpforms-container -->","protected":false},"excerpt":{"rendered":"<p>Solym\u00e1r L\u00edvia Telefonsz\u00e1m: 06 20 470 7307 Dr\u00f3tpostac\u00edm:&nbsp;hasznosjatek@gmail.com&nbsp;&nbsp; K\u00c9RD\u00c9SEM VAN:<\/p>\n","protected":false},"author":1,"featured_media":0,"parent":0,"menu_order":0,"comment_status":"closed","ping_status":"open","template":"page-fullwidth.php","meta":{"footnotes":""},"class_list":["post-3","page","type-page","status-publish","hentry"],"_links":{"self":[{"href":"https:\/\/hasznosjatek.hu\/lap\/wp-json\/wp\/v2\/pages\/3","targetHints":{"allow":["GET"]}}],"collection":[{"href":"https:\/\/hasznosjatek.hu\/lap\/wp-json\/wp\/v2\/pages"}],"about":[{"href":"https:\/\/hasznosjatek.hu\/lap\/wp-json\/wp\/v2\/types\/page"}],"author":[{"embeddable":true,"href":"https:\/\/hasznosjatek.hu\/lap\/wp-json\/wp\/v2\/users\/1"}],"replies":[{"embeddable":true,"href":"https:\/\/hasznosjatek.hu\/lap\/wp-json\/wp\/v2\/comments?post=3"}],"version-history":[{"count":10,"href":"https:\/\/hasznosjatek.hu\/lap\/wp-json\/wp\/v2\/pages\/3\/revisions"}],"predecessor-version":[{"id":1358,"href":"https:\/\/hasznosjatek.hu\/lap\/wp-json\/wp\/v2\/pages\/3\/revisions\/1358"}],"wp:attachment":[{"href":"https:\/\/hasznosjatek.hu\/lap\/wp-json\/wp\/v2\/media?parent=3"}],"curies":[{"name":"wp","href":"https:\/\/api.w.org\/{rel}","templated":true}]}}