{"id":619,"date":"2021-06-23T12:48:39","date_gmt":"2021-06-23T12:48:39","guid":{"rendered":"https:\/\/hasznosjatek.hu\/lap\/?page_id=619"},"modified":"2025-04-15T07:20:37","modified_gmt":"2025-04-15T07:20:37","slug":"egyen-ajandektargyak","status":"publish","type":"page","link":"https:\/\/hasznosjatek.hu\/lap\/product\/egyen-ajandektargyak\/","title":{"rendered":"Egy\u00e9b aj\u00e1nd\u00e9kt\u00e1rgyak"},"content":{"rendered":"\n<figure class=\"wp-block-table\"><table><tbody>\n\n\n\n\n<tr><td class=\"has-text-align-right\" data-align=\"right\"><a href=\"https:\/\/hasznosjatek.hu\/lap\/product\/egyen-ajandektargyak\/hutomagnesek\/\">H\u0171t\u0151m\u00e1gnesek<\/a><\/td><td><a href=\"https:\/\/hasznosjatek.hu\/lap\/product\/egyen-ajandektargyak\/hutomagnesek\/\"> <img loading=\"lazy\" decoding=\"async\" src=\"https:\/\/hasznosjatek.hu\/lap\/pic07\/hmagnes.jpg\" width=\"200\" height=\"120\"> <\/a><\/td><\/tr><tr><td class=\"has-text-align-right\" data-align=\"right\"><a href=\"https:\/\/hasznosjatek.hu\/lap\/product\/egyen-ajandektargyak\/kulcstartok\/\">Kulcstart\u00f3k<\/a><\/td><td>\n<a href=\"https:\/\/hasznosjatek.hu\/lap\/product\/egyen-ajandektargyak\/kulcstartok\/\"> <img loading=\"lazy\" decoding=\"async\" src=\"https:\/\/hasznosjatek.hu\/lap\/pic07\/kulcst.jpg\" width=\"200\" height=\"120\"> <\/a>\n<\/td><\/tr><tr><td class=\"has-text-align-right\" data-align=\"right\"><a href=\"https:\/\/hasznosjatek.hu\/lap\/product\/egyen-ajandektargyak\/oroknaptar\/\">\u00d6r\u00f6knapt\u00e1r<\/a><\/td><td>\n<a href=\"https:\/\/hasznosjatek.hu\/lap\/product\/egyen-ajandektargyak\/oroknaptar\/\"> <img loading=\"lazy\" decoding=\"async\" src=\"https:\/\/hasznosjatek.hu\/lap\/pic08\/01orok.jpg\" width=\"200\" height=\"120\"> <\/a>\n<\/td><\/tr><tr><td class=\"has-text-align-right\" data-align=\"right\"><a href=\"https:\/\/hasznosjatek.hu\/lap\/product\/egyen-ajandektargyak\/csonti\/\">Csonti<\/a><\/td><td>\n<a href=\"https:\/\/hasznosjatek.hu\/lap\/product\/egyen-ajandektargyak\/csonti\/\"> <img loading=\"lazy\" decoding=\"async\" src=\"https:\/\/hasznosjatek.hu\/lap\/pic11\/01.jpg\" width=\"200\" height=\"120\"> <\/a>\n<\/td><\/tr><tr><td class=\"has-text-align-right\" data-align=\"right\"><a href=\"https:\/\/hasznosjatek.hu\/lap\/product\/egyen-ajandektargyak\/fatraki\">FaTraki<\/a><\/td><td>\n<a href=\"https:\/\/hasznosjatek.hu\/lap\/product\/egyen-ajandektargyak\/fatraki\"> <img loading=\"lazy\" decoding=\"async\" src=\"https:\/\/hasznosjatek.hu\/lap\/pic11\/02.jpg\" width=\"200\" height=\"120\"> <\/a>\n<\/td><\/tr><tr><td class=\"has-text-align-right\" data-align=\"right\"><a href=\"https:\/\/hasznosjatek.hu\/lap\/product\/egyen-ajandektargyak\/gyerekrajzok\/\">Gyerekrajzok<\/a><\/td><td>\n<a href=\"https:\/\/hasznosjatek.hu\/lap\/product\/egyen-ajandektargyak\/gyerekrajzok\/\"> <img loading=\"lazy\" decoding=\"async\" src=\"https:\/\/hasznosjatek.hu\/lap\/pic11\/03.jpg\" width=\"200\" height=\"120\"> <\/a>\n<\/td><\/tr><tr><td class=\"has-text-align-right\" data-align=\"right\"><a href=\"https:\/\/hasznosjatek.hu\/lap\/product\/egyen-ajandektargyak\/orak\/\">\u00d3r\u00e1k<\/a><\/td><td>\n<a href=\"https:\/\/hasznosjatek.hu\/lap\/product\/egyen-ajandektargyak\/orak\/\"> <img loading=\"lazy\" decoding=\"async\" src=\"https:\/\/hasznosjatek.hu\/lap\/pic11\/04.jpg\" width=\"200\" height=\"120\"> <\/a>\n<\/td><\/tr><\/tbody><\/table><\/figure>\n\n\n\n<p><\/p>\n\n\n\n<p>Aj\u00e1nd\u00e9kt\u00e1rgyak 3-4 mm vastag, csiszolt, nat\u00far, ny\u00edr r\u00e9tegelt lemezb\u0151l.<\/p>\n\n\n\n<p><\/p>\n\n\n\n<div class=\"wp-block-buttons is-layout-flex wp-block-buttons-is-layout-flex\"><\/div>\n\n\n<p><\/p>\n\n\n<div class=\"wp-block-buttons is-layout-flex wp-block-buttons-is-layout-flex\"><\/div>\n\n\n<p><\/p>\n\n\n<div class=\"wp-block-buttons is-layout-flex wp-block-buttons-is-layout-flex\">\n\n\n<div class=\"wp-block-buttons is-layout-flex wp-block-buttons-is-layout-flex\">\n<p><\/p>\n<div class=\"wp-block-button has-custom-width wp-block-button__width-100\"><a class=\"wp-block-button__link no-border-radius\" href=\"https:\/\/hasznosjatek.hu\/lap\/product\/egyen-ajandektargyak\/\">EGY\u00c9B AJ\u00c1ND\u00c9KT\u00c1RGYAK KATEG\u00d3RIA<\/a><\/div>\n<p>\n<\/div>\n<\/div>\n","protected":false},"excerpt":{"rendered":"<p>H\u0171t\u0151m\u00e1gnesek Kulcstart\u00f3k \u00d6r\u00f6knapt\u00e1r Csonti FaTraki Gyerekrajzok \u00d3r\u00e1k Aj\u00e1nd\u00e9kt\u00e1rgyak 3-4 mm vastag, csiszolt, nat\u00far, ny\u00edr r\u00e9tegelt lemezb\u0151l.<\/p>\n","protected":false},"author":1,"featured_media":0,"parent":45,"menu_order":0,"comment_status":"closed","ping_status":"closed","template":"page-fullwidth.php","meta":{"footnotes":""},"class_list":["post-619","page","type-page","status-publish","hentry"],"_links":{"self":[{"href":"https:\/\/hasznosjatek.hu\/lap\/wp-json\/wp\/v2\/pages\/619","targetHints":{"allow":["GET"]}}],"collection":[{"href":"https:\/\/hasznosjatek.hu\/lap\/wp-json\/wp\/v2\/pages"}],"about":[{"href":"https:\/\/hasznosjatek.hu\/lap\/wp-json\/wp\/v2\/types\/page"}],"author":[{"embeddable":true,"href":"https:\/\/hasznosjatek.hu\/lap\/wp-json\/wp\/v2\/users\/1"}],"replies":[{"embeddable":true,"href":"https:\/\/hasznosjatek.hu\/lap\/wp-json\/wp\/v2\/comments?post=619"}],"version-history":[{"count":27,"href":"https:\/\/hasznosjatek.hu\/lap\/wp-json\/wp\/v2\/pages\/619\/revisions"}],"predecessor-version":[{"id":1377,"href":"https:\/\/hasznosjatek.hu\/lap\/wp-json\/wp\/v2\/pages\/619\/revisions\/1377"}],"up":[{"embeddable":true,"href":"https:\/\/hasznosjatek.hu\/lap\/wp-json\/wp\/v2\/pages\/45"}],"wp:attachment":[{"href":"https:\/\/hasznosjatek.hu\/lap\/wp-json\/wp\/v2\/media?parent=619"}],"curies":[{"name":"wp","href":"https:\/\/api.w.org\/{rel}","templated":true}]}}