{"id":827,"date":"2022-02-01T12:08:07","date_gmt":"2022-02-01T12:08:07","guid":{"rendered":"https:\/\/hasznosjatek.hu\/lap\/?page_id=827"},"modified":"2022-11-09T09:12:59","modified_gmt":"2022-11-09T09:12:59","slug":"hangszeres-domino","status":"publish","type":"page","link":"https:\/\/hasznosjatek.hu\/lap\/domino-jatek\/hangszeres-domino\/","title":{"rendered":"Hangszeres domin\u00f3"},"content":{"rendered":"\n<figure class=\"wp-block-image size-large is-resized\"><img loading=\"lazy\" decoding=\"async\" src=\"https:\/\/hasznosjatek.hu\/lap\/wp-content\/uploads\/2022\/02\/272199346_235773105383469_4664472670695877658_n-768x1024.jpg\" alt=\"\" class=\"wp-image-828\" width=\"437\" height=\"582\" srcset=\"https:\/\/hasznosjatek.hu\/lap\/wp-content\/uploads\/2022\/02\/272199346_235773105383469_4664472670695877658_n-768x1024.jpg 768w, https:\/\/hasznosjatek.hu\/lap\/wp-content\/uploads\/2022\/02\/272199346_235773105383469_4664472670695877658_n-225x300.jpg 225w, https:\/\/hasznosjatek.hu\/lap\/wp-content\/uploads\/2022\/02\/272199346_235773105383469_4664472670695877658_n-1152x1536.jpg 1152w, https:\/\/hasznosjatek.hu\/lap\/wp-content\/uploads\/2022\/02\/272199346_235773105383469_4664472670695877658_n.jpg 1536w\" sizes=\"auto, (max-width: 437px) 100vw, 437px\" \/><\/figure>\n\n\n\n<p>Le\u00edr\u00e1s: 45 db-os, ismeretterjeszt\u0151 domin\u00f3 j\u00e1t\u00e9k, v\u00e1szonzs\u00e1kban.<\/p>\n\n\n\n<p>Anyaga: 3-4 mm vastag, csiszolt, nat\u00far, ny\u00edr r\u00e9tegelt lemez.<\/p>\n\n\n\n<p>Domin\u00f3kock\u00e1k m\u00e9rete: 3,5&#215;7 cm<\/p>\n\n\n\n<p><strong>Term\u00e9k cikksz\u00e1ma: 10406<\/strong><\/p>\n\n\n\n<div class=\"wp-block-buttons has-custom-font-size has-small-font-size is-layout-flex wp-block-buttons-is-layout-flex\">\n<div class=\"wp-block-button has-custom-font-size is-style-fill has-small-font-size\"><a class=\"wp-block-button__link wp-element-button\" href=\"https:\/\/hasznosjatek.hu\/lap\/hasznosjatek-arak.pdf\" style=\"border-radius:6px\" target=\"_blank\" rel=\"noreferrer noopener\">\u00c1RLISTA<\/a><\/div>\n<\/div>\n","protected":false},"excerpt":{"rendered":"<p>Le\u00edr\u00e1s: 45 db-os, ismeretterjeszt\u0151 domin\u00f3 j\u00e1t\u00e9k, v\u00e1szonzs\u00e1kban. Anyaga: 3-4 mm vastag, csiszolt, nat\u00far, ny\u00edr r\u00e9tegelt lemez. Domin\u00f3kock\u00e1k m\u00e9rete: 3,5&#215;7 cm Term\u00e9k cikksz\u00e1ma: 10406<\/p>\n","protected":false},"author":1,"featured_media":0,"parent":235,"menu_order":0,"comment_status":"closed","ping_status":"closed","template":"page-fullwidth.php","meta":{"footnotes":""},"class_list":["post-827","page","type-page","status-publish","hentry"],"_links":{"self":[{"href":"https:\/\/hasznosjatek.hu\/lap\/wp-json\/wp\/v2\/pages\/827","targetHints":{"allow":["GET"]}}],"collection":[{"href":"https:\/\/hasznosjatek.hu\/lap\/wp-json\/wp\/v2\/pages"}],"about":[{"href":"https:\/\/hasznosjatek.hu\/lap\/wp-json\/wp\/v2\/types\/page"}],"author":[{"embeddable":true,"href":"https:\/\/hasznosjatek.hu\/lap\/wp-json\/wp\/v2\/users\/1"}],"replies":[{"embeddable":true,"href":"https:\/\/hasznosjatek.hu\/lap\/wp-json\/wp\/v2\/comments?post=827"}],"version-history":[{"count":2,"href":"https:\/\/hasznosjatek.hu\/lap\/wp-json\/wp\/v2\/pages\/827\/revisions"}],"predecessor-version":[{"id":1118,"href":"https:\/\/hasznosjatek.hu\/lap\/wp-json\/wp\/v2\/pages\/827\/revisions\/1118"}],"up":[{"embeddable":true,"href":"https:\/\/hasznosjatek.hu\/lap\/wp-json\/wp\/v2\/pages\/235"}],"wp:attachment":[{"href":"https:\/\/hasznosjatek.hu\/lap\/wp-json\/wp\/v2\/media?parent=827"}],"curies":[{"name":"wp","href":"https:\/\/api.w.org\/{rel}","templated":true}]}}